ime?
True
Is 50376863 composite?
False
Is 294586 a prime number?
False
Is 106888319 a prime number?
False
Is 34486033 composite?
False
Is 41845061 a composite number?
False
Is 2666021 composite?
False
Is 66752843 composite?
False
Is 142580643 composite?
True
Is 83996867 composite?
False
Is 55464649 prime?
True
Is 383087167 a composite number?
False
Is 259283107 a composite number?
True
Is 75438437 a composite number?
True
Is 429948007 a composite number?
False
Is 37678933 a prime number?
True
Is 5682489 composite?
True
Is 82244923 prime?
False
Is 3303499 a prime number?
True
Is 958341701 a composite number?
False
Is 2501801 a composite number?
True
Is 88710067 composite?
True
Is 2041231 composite?
False
Is 445493446 prime?
False
Is 242127154 composite?
True
Is 266841691 prime?
False
Is 17204723 a composite number?
False
Is 3261961 a composite number?
False
Is 64933178 prime?
False
Is 8322967 a prime number?
True
Is 9039622 composite?
True
Is 2599543 a prime number?
True
Is 7361511 prime?
False
Is 2092667 a prime number?
True
Is 1557299 prime?
False
Is 569479 a prime number?
True
Is 4034689 a prime number?
True
Is 142019 a prime number?
True
Is 4096835 a composite number?
True
Is 19638317 a composite number?
True
Is 1661468801 prime?
True
Is 181483985 prime?
False
Is 3909889 composite?
False
Is 18972251 a prime number?
False
Is 2959559 a prime number?
True
Is 50572339 a prime number?
True
Is 3023683 composite?
True
Is 6591617 a prime number?
True
Is 8722771 a prime number?
False
Is 40263829 composite?
False
Is 1143323 a prime number?
False
Is 242309 composite?
False
Is 5199301 composite?
False
Is 58628197 composite?
False
Is 5420519 composite?
True
Is 30165767 a prime number?
False
Is 8625229 a prime number?
True
Is 31488733 prime?
True
Is 39720259 a prime number?
False
Is 21696629 prime?
True
Is 974847 a prime number?
False
Is 2137133 a prime number?
True
Is 7223893 composite?
False
Is 19446731 a prime number?
False
Is 7456997 prime?
True
Is 4143163 a composite number?
False
Is 161924207 a composite number?
True
Is 2655517 a prime number?
True
Is 4943723 prime?
True
Is 11226079 prime?
False
Is 129998203 a composite number?
False
Is 27059717 a composite number?
False
Is 19858369 a prime number?
True
Is 50376211 composite?
True
Is 1578713 composite?
False
Is 20744201 prime?
False
Is 28441573 composite?
True
Is 136619221 prime?
False
Is 11113633 a composite number?
False
Is 221629549 a prime number?
True
Is 131841371 composite?
True
Is 161657663 composite?
False
Is 193715267 prime?
True
Is 12705583 a composite number?
True
Is 1023067 a prime number?
True
Is 837227249 a prime number?
True
Is 12629707 prime?
True
Is 382782263 a composite number?
False
Is 300371059 composite?
True
Is 365851 a composite number?
False
Is 51808451 a prime number?
False
Is 2083891 a composite number?
True
Is 6873599 composite?
True
Is 142367701 prime?
False
Is 7968811 prime?
True
Is 112102957 a prime number?
True
Is 90852065 a prime number?
False
Is 15657857 a prime number?
True
Is 1818647 a prime number?
True
Is 3496061 a composite number?
False
Is 25547902 composite?
True
Is 20504903 a composite number?
False
Is 48495621 prime?
False
Is 66549955 a composite number?
True
Is 10563587 a prime number?
True
Is 21656263 a prime number?
True
Is 5971031 composite?
True
Is 3602021 composite?
False
Is 105359167 a prime number?
True
Is 1575419 a composite number?
True
Is 682507963 composite?
True
Is 29905417 prime?
True
Is 1213229 composite?
True
Is 130232537 prime?
True
Is 71614715 a prime number?
False
Is 2404263 a composite number?
True
Is 4915289 a composite number?
True
Is 1296167 a composite number?
False
Is 8187853 a composite number?
True
Is 121052413 composite?
True
Is 4308617 prime?
False
Is 3440959 a prime number?
False
Is 549585643 a composite number?
False
Is 50206301 composite?
True
Is 2748403 composite?
True
Is 500414179 prime?
True
Is 94589281 prime?
True
Is 7188485 a prime number?
False
Is 136407877 a prime number?
True
Is 113580973 prime?
False
Is 63197261 composite?
True
Is 93093401 prime?
False
Is 45231089 a prime number?
False
Is 94742779 a prime number?
False
Is 98013253 composite?
True
Is 1459319 composite?
False
Is 63225173 composite?
True
Is 254033 a composite number?
True
Is 1566479 a prime number?
True
Is 26325727 a composite number?
True
Is 8127227 a composite number?
False
Is 17585914 composite?
True
Is 8284123 composite?
False
Is 2672947 a composite number?
False
Is 6366473183 a composite number?
True
Is 104183543 composite?
False
Is 23810543 a prime number?
False
Is 4400103 composite?
True
Is 13499251 prime?
False
Is 9361181 composite?
True
Is 10178863 composite?
False
Is 17238721 prime?
True
Is 4351547 a prime number?
True
Is 139649 composite?
True
Is 53425937 prime?
True
Is 2347627 a composite number?
False
Is 2221507 a composite number?
False
Is 176460143 a composite number?
True
Is 830355091 a composite number?
False
Is 7991129 a composite number?
False
Is 186217 prime?
False
Is 55335307 composite?
False
Is 2882567 a composite number?
True
Is 154297849 a composite number?
False
Is 34893421 prime?
True
Is 1267933 a prime number?
True
Is 406806737 composite?
False
Is 12491287 a composite number?
True
Is 5663683 a composite number?
True
Is 147419 prime?
True
Is 31622141 a composite number?
False
Is 21424859 a composite number?
True
Is 3146347 composite?
True
Is 415357 composite?
True
Is 44571253 prime?
False
Is 6060499 a composite number?
True
Is 50279717 a composite number?
False
Is 43038299 prime?
True
Is 28877 a composite number?
True
Is 67149221 a prime number?
True
Is 150008531 a prime number?
True
Is 24415499 a composite number?
True
Is 50163119 a composite number?
False
Is 113128609 a composite number?
True
Is 87291551 composite?
False
Is 30054769 a composite number?
True
Is 54094003 prime?
False
Is 52304417 prime?
False
Is 52643083 a prime number?
True
Is 2113687 a composite number?
True
Is 147900827 a prime number?
False
Is 19808437 a prime number?
False
Is 1961783 a prime number?
False
Is 5118653 prime?
True
Is 2757529 prime?
True
Is 351773173 a composite number?
True
Is 1883857 prime?
True
Is 482978 prime?
False
Is 16215929 a composite number?
True
Is 2495554 a prime number?
False
Is 153714499 prime?
True
Is 255511583 composite?
False
Is 1209827 a prime number?
False
Is 321279261 prime?
False
Is 59150341 a composite number?
False
Is 1185787 a prime number?
True
Is 137853353 a composite number?
True
Is 10181021 a prime number?
False
Is 7788247 composite?
False
Is 3158594 a composite number?
True
Is 73869449 a prime number?
True
Is 3184999 prime?
True
Is 85633 composite?
True
Is 3440263 prime?
True
Is 128129321 composite?
True
Is 12782009 a prime number?
True
Is 33126409 composite?
False
Is 114751561 prime?
True
Is 1000667 a composite number?
False
Is 4375793 a composite number?
True
Is 871813 a composite number?
True
Is 346426571 a composite number?
False
Is 2942089 a composite number?
False
Is 643523 composite?
False
Is 265331 a prime number?
False
Is 21300833 prime?
True
Is 7491427 a prime number?
False
Is 1121713 a prime number?
False
Is 67996183 prime?
False
Is 58347847 a composite number?
False
Is 227120771 a composite number?
True
Is 230375669 a prime number?
False
Is 8984563 a composite number?
True
Is 3296261 a composite number?
True
Is 3464959 a composite number?
False
Is 2426573 a prime number?
True
Is 104835949 a prime number?
True
Is 3050413 prime?
False
Is 145711 composite?
True
Is 6655046 prime?
False
Is 8916329 a prime number?
True
Is 5726017 composite?
True
Is 3488119 prime?
True
Is 12039173 prime?
True
Is 157864103 composite?
True
Is 1497313 a composite number?
False
Is 7451733 prime?
False
Is 2481697 composite?
False
Is 142678103 a prime number?
False
Is 182676337 prime?
True
Is 271116826 prime?
False
Is 7284047 a prime number?
False
Is 30574243 composite?
True
Is 712421 a prime number?
False
Is 364717 a prime number?
True
Is 26872309 a prime number?
True
Is 1463837 composite?
False
Is 645871 a prime number?
False
Is 38267 a composite number?
True
Is 15454077 a prime number?
False
Is 7338607 a composite number?
False
Is 8853641 composite?
False
Is 9958129 prime?
True
Is 4729367 a composite number?
False
Is 2499907 